{"id":13754,"date":"2022-09-05T14:35:30","date_gmt":"2022-09-05T14:35:30","guid":{"rendered":"https:\/\/www.soalitec.com\/?post_type=product&#038;p=13754"},"modified":"2022-09-05T14:35:30","modified_gmt":"2022-09-05T14:35:30","slug":"dosificador-automatico-para-productos-minoritarios","status":"publish","type":"product","link":"https:\/\/www.soalitec.com\/index.php\/producto\/dosificador-automatico-para-productos-minoritarios\/","title":{"rendered":"DOSIFICADOR AUTOM\u00c1TICO PARA PRODUCTOS MINORITARIOS"},"content":{"rendered":"","protected":false},"excerpt":{"rendered":"<p>La soluci\u00f3n que permite la preparaci\u00f3n de recetas con productos en polvo, granulados o l\u00edquidos, a trav\u00e9s de sus precisos cabezales dosificadores.<\/p>\n<p>Descripci\u00f3n<br \/>\nEl dosificador autom\u00e1tico para productos minoritarios es un equipo modular que est\u00e1 compuesto por un soporte m\u00f3vil, una b\u00e1scula de precisi\u00f3n y un sistema de tolvas superiores e independientes.<br \/>\nEl soporte m\u00f3vil dirige el recipiente de destino a la parte inferior de las tolvas. A continuaci\u00f3n, un dispositivo digital regula la dosificaci\u00f3n que se vierte en su interior. Gracias a la integraci\u00f3n de una b\u00e1scula de precisi\u00f3n, se puede asegurar la precisi\u00f3n de la dosificaci\u00f3n. Cada recipiente dosificado contendr\u00e1 la cantidad exacta de los ingredientes seleccionados.<br \/>\nEsta soluci\u00f3n permite adaptar el volumen de almacenaje de los dep\u00f3sitos a las necesidades de cada cliente y, a la vez, trabajar con productos almacenados en sacos big-bag o contenedores para l\u00edquidos. El control del equipo se realiza mediante una pantalla t\u00e1ctil que ofrece la posibilidad de almacenar los ajustes de hasta 100 recetas distintas.<\/p>\n<p><a href=\"https:\/\/soalitec.com\/wp-content\/uploads\/catalogos\/DOSIFICADORES.pdf\"><img loading=\"lazy\" decoding=\"async\" class=\"alignnone size-full wp-image-13720\" src=\"https:\/\/www.soalitec.com\/wp-content\/uploads\/2022\/08\/descargar-catalogo.png\" alt=\"\" width=\"208\" height=\"43\" srcset=\"https:\/\/www.soalitec.com\/wp-content\/uploads\/2022\/08\/descargar-catalogo.png 208w, https:\/\/www.soalitec.com\/wp-content\/uploads\/2022\/08\/descargar-catalogo-200x41.png 200w, https:\/\/www.soalitec.com\/wp-content\/uploads\/2022\/08\/descargar-catalogo-150x31.png 150w\" sizes=\"auto, (max-width: 208px) 100vw, 208px\" \/><\/a><\/p>\n<p>https:\/\/vimeo.com\/164969706?embedded=true&amp;source=vimeo_logo&amp;owner=30104772<\/p>\n","protected":false},"featured_media":13755,"comment_status":"closed","ping_status":"closed","template":"","meta":{"_joinchat":[]},"product_cat":[55],"product_tag":[],"class_list":["post-13754","product","type-product","status-publish","has-post-thumbnail","hentry","product_cat-dosificadores"],"_links":{"self":[{"href":"https:\/\/www.soalitec.com\/index.php\/wp-json\/wp\/v2\/product\/13754","targetHints":{"allow":["GET"]}}],"collection":[{"href":"https:\/\/www.soalitec.com\/index.php\/wp-json\/wp\/v2\/product"}],"about":[{"href":"https:\/\/www.soalitec.com\/index.php\/wp-json\/wp\/v2\/types\/product"}],"replies":[{"embeddable":true,"href":"https:\/\/www.soalitec.com\/index.php\/wp-json\/wp\/v2\/comments?post=13754"}],"wp:featuredmedia":[{"embeddable":true,"href":"https:\/\/www.soalitec.com\/index.php\/wp-json\/wp\/v2\/media\/13755"}],"wp:attachment":[{"href":"https:\/\/www.soalitec.com\/index.php\/wp-json\/wp\/v2\/media?parent=13754"}],"wp:term":[{"taxonomy":"product_cat","embeddable":true,"href":"https:\/\/www.soalitec.com\/index.php\/wp-json\/wp\/v2\/product_cat?post=13754"},{"taxonomy":"product_tag","embeddable":true,"href":"https:\/\/www.soalitec.com\/index.php\/wp-json\/wp\/v2\/product_tag?post=13754"}],"curies":[{"name":"wp","href":"https:\/\/api.w.org\/{rel}","templated":true}]}}